*(-4)/(-2). Calculate l(f).
3
Let k(u) = -13*u**2 - 15*u**2 + 3 - 2*u**3 - 2*u + 31*u**2. Let j be (-8)/(-18) + 8 + 348/(-54). Determine k(j).
-5
Let u(w) = 159 - 165 + w - w + 6*w + 0*w. Give u(9).
48
Let r be 12*18/24 - 6. Let o(h) = 13*h + 1. Let y be o(2). Suppose 9*j = -i + 4*j - 22, 0 = -4*i + r*j + y. Let t(g) = g - 4. What is t(i)?
-1
Let p(y) be the second derivative of y**3/3 + 12*y**2 + 970*y - 2. Give p(-12).
0
Let r(m) = 2*m**3 - 104 - 11*m + 4*m**2 + 48 + 49 - 1. Give r(-3).
7
Let s(h) be the third derivative of -h**6/120 - 13*h**5/60 - 5*h**4/8 - h**3/6 - 2*h**2 - 989*h. What is s(-12)?
35
Let c = 13 - 4. Let o(k) = 20*k**2 + c*k**2 - 6*k**2. What is o(-1)?
23
Suppose 24 = -p - 3*w - 1, -3*w - 82 = 4*p. Let j(y) = -y**3 - 19*y**2 - 4*y + 20. Give j(p).
96
Let n be (-55)/(-6) - 23/138. Let c(q) = -q**2 + 10*q - 3. Determine c(n).
6
Let b(n) be the third derivative of 0 - 1/20*n**5 + 0*n - 1/12*n**4 + 0*n**3 + 116*n**2. Determine b(-2).
-8
Let f(b) = -b**3 + b**2 - 2*b. Let z(y) be the third derivative of 0 + 1/30*y**5 - 1/2*y**4 + 36*y**2 + 0*y + 2*y**3. Let s be z(5). Give f(s).
-8
Let p(t) = -4*t**2 + 2*t + 4. Let z = 3336 - 3338. Calculate p(z).
-16
Suppose -5*s = 2*v + 15, 0 + 8 = -v - 2*s. Let b(p) = p**3 + 8*p**2 - 13*p + 7. Let d be b(v). Let y = d - -57. Let c(z) = -2*z - 7. Determine c(y).
5
Let j = 19348 + -19353. Let i(x) be the first derivative of 0*x**2 + x**2 - 5 + 3. Calculate i(j).
-10
Let s(j) = -2*j**2 + 2. Let p = 10 - 27. Let v = 3 - p. Let x be -8*(4 + (-85)/v). Determine s(x).
-6
Let j(x) = -13*x - 135480*x**2 - 2 - x + 135481*x**2. Calculate j(7).
-51
Suppose 4*o + 5*a = 28, -4*o - a = 3*a - 28. Suppose g = -3*l + 13, -2*l + 5*l - 17 = -2*g. Let t(q) = -6*q + 8*q**2 - l - q**3 + 0*q - q. Give t(o).
-3
Suppose 4*k - 5*w = -41, 2*k - 7*k - 3*w = 5. Let d(v) = -5*v**3 - 2*v**2 + v - 6. Let a(q) = -4*q**3 - 3*q**2 - 6. Let g(x) = -4*a(x) + 3*d(x). Calculate g(k).
26
Let h(l) = -2897 + 2899 + l**3 + l**2 - l - l**2 + 5*l. Give h(4).
82
Let f(l) = 77 + 2*l + 24 - 1 - 170. Give f(32).
-6
Let d(t) = -2*t - 6. Let a(p) = -p**3 + 6*p**2 - 3*p - 13. Let z be a(5). Calculate d(z).
0
Let r(z) = 8*z**2 + 3*z + 2 + 1 - 10*z**2 - 2*z**3. Suppose 0 = -2*w - y - 9, 28 = -4*w + 250*y - 254*y. What is r(w)?
5
Let z be (8 + -1)*105/196*8. Suppose -4*h = -b + 5*b, -b - z = -5*h. Let n(y) be the third derivative of -y**6/120 - y**5/12 - y**3 + 9*y**2. Calculate n(b).
-6
Let g(l) = 1. Let x(s) = -2*s - 3. Let r(z) = -4*g(z) - x(z). Let b be 108/(-832)*-8 - (-1)/(-26). What is r(b)?
1
Suppose -3*g - 60 = p, 4*g - 8*p + 66 = -7*p. Let x(l) = l**3 + 17*l**2 - 18*l - 6. Calculate x(g).
-6
Let y(u) = -37*u - 151 + 20 + 33*u. Determine y(-34).
5
Let b(z) = -3*z**3 + z**2 - 2*z + 1. Suppose 0 = 2*j - 3*t - 5, 4*j + 4*t = t + 19. Let l be (-1)/(-3) + (-18)/54. Suppose l = 7*r - j*r - 3. What is b(r)?
-3
Let h(o) = o**2 + 22*o - 17. Let y = -3514 - -3491. Calculate h(y).
6
Let p(g) be the third derivative of g**4/8 + g**2. Let d(o) = 55*o - 231. Let l be d(7). Let i = -159 + l. Give p(i).
-15
Let z(b) = 9*b. Let u(v) = 11*v + 2. Let g(i) = u(i) - z(i). Let p be (-2)/(-4)*-2 + 19. Suppose -k = f - 0*f - 9, -2*k - p = -4*f. Give g(f).
14
Let b(x) = -4*x**3 + 3*x**2 + 6*x - 79. Let r(u) = -5*u**3 + 2*u**2 + 6*u - 107. Let f(a) = -4*b(a) + 3*r(a). Calculate f(7).
2
Let j(c) = 425 - 424 - 2346*c + 2344*c. Determine j(12).
-23
Let p(i) = -1 + i - 19 + 1 + 17 - 9 + i. Let t be (0 - (-2)/3)*15. What is p(t)?
9
Let s be (174/(-145))/((-6)/10). Let p(o) = 4*o - 54*o**s + 108*o**2 - 55*o**2. Determine p(3).
3
Let f = -3 - -14. Suppose 0 = 9*c - 7 - f. Let h(j) = -1 + 17*j - c*j**2 - 34*j + 18*j + 3*j**2. Determine h(1).
1
Let c(v) = -v**3 + 3*v**2 - 8. Let l(g) = 3*g**2 - 85*g - 349. Let z be l(32). Calculate c(z).
-8
Let z(q) be the first derivative of q**4/4 + 5*q**3/3 + 3*q**2/2 + q + 48. Let f(c) = 5*c + c**2 - 4*c + 2 - 8*c. Let r be f(6). Calculate z(r).
5
Suppose -a + 11 = -5*z + 2, -3*z - 63 = -3*a. Let p(l) = 5*l + 15*l - a*l - 2. What is p(-1)?
2
Let x(v) = 4*v + 4. Suppose 10*t + 119 = 199. Let m(k) = 1. Let n(q) = t*m(q) - 2*x(q). Determine n(-6).
48
Let k(w) = w - 1. Let q be 2/4 - (-120)/240. Determine k(q).
0
Let s(q) = -q**3 - 11*q**2 - 12*q - 18. Suppose 2*f + 190 = -12*f - 5*f. Calculate s(f).
2
Let z(m) = -m + 4. Suppose 3*h - 5 = -0*h + 5*a, 0 = 2*h + 5*a + 5. Suppose -4*x = -3*i + 1, -3*x - 6 = -h*x - 4*i. Determine z(x).
2
Let b(w) = w**3 - w**2 - 2*w + 2. Let u(k) = -k**3 + 2*k**2 + k - 2. Let z(a) = -3*b(a) - 4*u(a). Let j = 71271 + -71267. Calculate z(j).
-6
Let y(v) = -2*v**2 - 2*v - 3. Suppose -3*t = -9, o + 0*t - 16 = -4*t. Suppose a - 21 + o = u, -46 = -2*a + 5*u. Let f = -16 + a. Calculate y(f).
-15
Let w(u) = -5*u. Let v(k) be the first derivative of 13*k**2/2 - 2*k + 41. Let n(g) = 3*v(g) + 8*w(g). Give n(-6).
0
Let j(x) = -x**2 - 6*x + 3. Let t(p) = -4*p**2 - 32*p + 20. Let v be t(-10). Let f be 8/v + (-1088)/(-60). Let b be (12/f)/((-1)/9). What is j(b)?
3
Let u(o) = -13*o + 549. Let j be u(43). Let t(s) = -9*s - s + s**3 - 3*s**2 + 0*s**2 + 10 + 12*s**2. Determine t(j).
10
Let i(s) = -s - 6. Let n(z) = -z**3 + 34*z**2 - 119*z - 40. Let m be n(30). Calculate i(m).
4
Suppose -17*t - 19 = -2*d - 18*t, -18*t = -54. Let i(s) = 69*s - 550. What is i(d)?
2
Let d(a) = -a**2 + 17*a + 193. Let v be d(25). Let h(m) = 1. Let f(o) = -2*o - 15. Let b(l) = -f(l) - 6*h(l). Calculate b(v).
-5
Let c(n) = -14 + 2679*n - 2695*n - 17. What is c(-4)?
33
Let k = 322027 + -322034. Let y(l) = -3*l - 3*l + 4*l. Calculate y(k).
14
Let d(g) = -11*g + 224. Let f(o) = -17*o + 316. Let c(q) = -10*d(q) + 7*f(q). What is c(-6)?
26
Let z be (7 + (-162)/45 + -3)*10. Let t(i) = 9 + 0*i + i - 3*i - 5. What is t(z)?
-4
Let s(z) be the second derivative of -z**5/20 - 5*z**4/12 + 7*z**3/3 + 18*z**2 - 261*z. Give s(-5).
-34
Let x(h) = -8*h + 10. Let v(d) = -d**3 - 35*d**2 + 32*d - 154. Let j be v(-36). Determine x(j).
90
Let r(a) = 83*a**2 - 35*a**2 - a - 2 - 47*a**2. Suppose 0 = 2*t - 3*t - 1. Let x be (1 + 9/(-3))*t. Give r(x).
0
Let f(o) = -14*o - 1. Let v be 4 + 12/(-4) + 3. What is f(v)?
-57
Let k = 4875 + -4880. Let i(u) = 2*u**2 + 6*u - 9. Give i(k).
11
Let q(c) be the first derivative of -c**2/2 - 9*c + 6690. Let t be (2 + -1)/((-3)/21). Give q(t).
-2
Let z(q) = q**2 - 4*q + 1. Let d be (0 - 12/8)*28/(-42). Let s(t) = -7*t**2 + 31*t - 2. Let x(i) = d*s(i) + 6*z(i). Let a be 3 - 2 - (-3 - 0). Give x(a).
16
Let n(t) be the second derivative of -t**4/12 + 3*t**3/2 + 13*t**2/2 + 140*t. Let q = -262 - -273. Calculate n(q).
-9
Let m = 24089 + -24112. Let p(q) = -4*q**3 - 92*q**2 + q + 45. Give p(m).
22
Let y(r) = -8*r + 35*r + 3 + 16*r**2 - 31*r**2 + 9*r**2 - 17*r + 2*r**3. Determine y(3).
33
Let a(y) = 1027481 + 1027479 + y**2 - 4*y**3 - 2054961. Let k = 2 + -1. What is a(k)?
-4
Suppose 0 = -29*w + 33*w + 2440. Let k = 605 + w. Let q(h) = h**3 + 8*h**2 + 14*h - 7. Give q(k).
-2
Let j(c) be the second derivative of -c**7/2520 - c**6/90 + 7*c**5/120 + 43*c**4/12 + c**2 + 66*c. Let r(l) be the third derivative of j(l). Give r(-7).
14
Suppose 0 = 5*r - 35, 5*d - 4*r = -6*r + 64. Let l(c) = 5*c**2 + 16*c + 47. Let v(a) = -3*a**2 - 11*a - 31. Let f(h) = -5*l(h) - 8*v(h). Calculate f(d).
-7
Suppose -121*l = -115*l - 918. Let h(j) = -l + 3*j - 2*j + 160. Calculate h(-5).
2
Let b be (-1)/(-5)*(-625)/25. Let j(c) = -13*c**2 + 4*c - 6. Let m(d) = 11*d**2 - 4*d + 4. Let x(k) = b*m(k) - 4*j(k). Determine x(-2).
-16
Let x be 4/14 - (-38)/14. Suppose 10*o + 88 = 138. Let g(r) = -o*r + 0*r**2 - x*r**2 + 2 + 2*r**2. Give g(-4).
6
Let p(c) = 8*c. Let m = 3 - 2. Let o be (7 + -3)/(1/2). Suppose -7*y + o = m. Give p(y).
8
Let u(r) = 2*r + 4. Let k = -292 - -166. Let q be 6/9*(3 + k/12). Give u(q).
-6
Let w(x) = -8*x. Let n(d) = -9*d - 4. Let c(v) = 3*n(v) - 5*w(v). Calculate c(0).
-12
Suppose -46*z + 212 = -44*z. Let t(x) = 107*x**3 - x - 1 - z*x**3 + 0*x. What is t(-2)?
-7
Let c be (-1*1/4)/(2/(-40)). Let b(r) = r**3 - 3*r**2 - 8. Let g(w) = 3*w**3 - 5*w**2 - 18. Let k(h) = c*b(h) - 2*g(h). What is k(-6)?
32
Let g(v) be the third derivative of 5*v**4/24 + v**3/2 + 12*v**2. Let z = 50 + -33. Let s = z + -19. Determine g(s).
-7
Let k be (-427)/(-14) - (-2)/(-4). Let c 